{"id":335,"date":"2012-03-12T13:15:37","date_gmt":"2012-03-12T11:15:37","guid":{"rendered":"http:\/\/www.cjpbacau.ro\/?page_id=335"},"modified":"2024-11-22T13:40:46","modified_gmt":"2024-11-22T11:40:46","slug":"prestatii","status":"publish","type":"page","link":"https:\/\/www.cjpbacau.ro\/?page_id=335","title":{"rendered":"Pensii"},"content":{"rendered":"<p><strong>A. Pensii<\/strong><br \/>\n1. <a href=\"https:\/\/www.cjpbacau.ro\/?page_id=6422\">Pensia de limita de varsta<\/a><br \/>\n2. <a href=\"https:\/\/www.cjpbacau.ro\/?page_id=6425\">Pensia anticipata<\/a><br \/>\n3. <a href=\"https:\/\/www.cjpbacau.ro\/?page_id=6428\">Pensia de invaliditate<\/a><br \/>\n4. <a href=\"https:\/\/www.cjpbacau.ro\/?page_id=6430\">Pensia de urmas<\/a><\/p>\n<p><strong>B. Indemnizatii<\/strong><br \/>\n<a href=\"https:\/\/www.cjpbacau.ro\/wp-content\/uploads\/prestatii\/Ajutor_deces.htm\" target=\"_blank\" rel=\"noopener\">Ajutorul de deces<\/a><\/p>\n<p><a href=\"https:\/\/www.cjpbacau.ro\/?page_id=3450\">Lista b\u0103ncilor cu care CNPP a \u00eencheiat conven\u0163ii privind plata pensiilor prin conturi curente sau conturi de card<\/a><\/p>\n<p><strong>Cereri-tip<\/strong><br \/>\n<a href=\"https:\/\/www.cjpbacau.ro\/wp-content\/uploads\/prestatii\/pdf\/Cerere_acordare_pensie_limita_virsta_partiala_anexa_6.pdf\" target=\"_blank\" rel=\"noopener\">Cerere pentru acordarea pensiei pentru limita de varsta\/pensiei anticipate\/pensiei anticipate partial<\/a><br \/>\n<a href=\"https:\/\/www.cjpbacau.ro\/wp-content\/uploads\/prestatii\/pdf\/Cerere_acordare_pensie_invaliditate.pdf\" target=\"_blank\" rel=\"noopener\">Cerere pentru acordarea pensiei de invaliditate<\/a><br \/>\n<a href=\"https:\/\/www.cjpbacau.ro\/wp-content\/uploads\/prestatii\/pdf\/Cerere_acordare_pensie_de_urmas_anexa_8.pdf\" target=\"_blank\" rel=\"noopener\">Cerere pentru acordarea pensiei de urmas<\/a><br \/>\n<a href=\"https:\/\/www.cjpbacau.ro\/wp-content\/uploads\/prestatii\/pdf\/Cerere_modificare_drepturi.pdf\" target=\"_blank\" rel=\"noopener\">Cerere modificare drepturi<\/a><br \/>\n<a href=\"https:\/\/www.cjpbacau.ro\/wp-content\/uploads\/prestatii\/pdf\/Cerere_comunicare_carnete_de_munca.pdf\" target=\"_blank\" rel=\"noopener\">Cerere pentru eliberarea carnetului de munca<\/a><br \/>\n<a href=\"https:\/\/www.cjpbacau.ro\/wp-content\/uploads\/prestatii\/pdf\/Cerere_acordare_ajutor_deces.pdf\" target=\"_blank\" rel=\"noopener\">Cerere pentru acordarea ajutorului de deces<\/a><br \/>\n<a href=\"https:\/\/www.cjpbacau.ro\/wp-content\/uploads\/prestatii\/pdf\/Cerere_plata_sumelor_restante_pens_decedat.pdf\" target=\"_blank\" rel=\"noopener\">Cerere pentru plata sumelor ramase neincasate de catre pensionarul decedat<\/a><br \/>\n<a href=\"https:\/\/www.cjpbacau.ro\/wp-content\/uploads\/prestatii\/pdf\/declaratieoug6.pdf\">Declaratie OUG nr.6\/2009<\/a><\/p>\n","protected":false},"excerpt":{"rendered":"<p>A. Pensii 1. Pensia de limita de varsta 2. Pensia anticipata 3. Pensia de invaliditate 4. Pensia de urmas B. Indemnizatii Ajutorul de deces Lista b\u0103ncilor cu care CNPP a \u00eencheiat conven\u0163ii privind plata pensiilor prin conturi curente sau conturi &hellip; <a href=\"https:\/\/www.cjpbacau.ro\/?page_id=335\">Continue reading <span class=\"meta-nav\">&rarr;<\/span><\/a><\/p>\n","protected":false},"author":1,"featured_media":0,"parent":0,"menu_order":2,"comment_status":"closed","ping_status":"open","template":"sidebar-page.php","meta":{"vkexunit_cta_each_option":"","footnotes":""},"class_list":["post-335","page","type-page","status-publish","hentry"],"_links":{"self":[{"href":"https:\/\/www.cjpbacau.ro\/index.php?rest_route=\/wp\/v2\/pages\/335","targetHints":{"allow":["GET"]}}],"collection":[{"href":"https:\/\/www.cjpbacau.ro\/index.php?rest_route=\/wp\/v2\/pages"}],"about":[{"href":"https:\/\/www.cjpbacau.ro\/index.php?rest_route=\/wp\/v2\/types\/page"}],"author":[{"embeddable":true,"href":"https:\/\/www.cjpbacau.ro\/index.php?rest_route=\/wp\/v2\/users\/1"}],"replies":[{"embeddable":true,"href":"https:\/\/www.cjpbacau.ro\/index.php?rest_route=%2Fwp%2Fv2%2Fcomments&post=335"}],"version-history":[{"count":17,"href":"https:\/\/www.cjpbacau.ro\/index.php?rest_route=\/wp\/v2\/pages\/335\/revisions"}],"predecessor-version":[{"id":6437,"href":"https:\/\/www.cjpbacau.ro\/index.php?rest_route=\/wp\/v2\/pages\/335\/revisions\/6437"}],"wp:attachment":[{"href":"https:\/\/www.cjpbacau.ro\/index.php?rest_route=%2Fwp%2Fv2%2Fmedia&parent=335"}],"curies":[{"name":"wp","href":"https:\/\/api.w.org\/{rel}","templated":true}]}}